s the units digit of n?
9
Let o = 44347 - 41887. What is the thousands digit of o?
2
Let i be (1*(15 - 0))/((-3)/(-2)). Suppose -i*s - 32 = -6*s. Let b(n) = -n**3 - 8*n**2 - 7*n - 5. What is the tens digit of b(s)?
5
Let g = -2781 + -703. Let b = -2272 - g. What is the units digit of b?
2
Suppose 843 = -10*i + 4733. Let g be i*(-3)/3 + -3. What is the units digit of (60/(-40))/(6/g)?
8
Let m be 140/(-15) + 15/(-9). What is the tens digit of (-3*1)/(-1) + (586 - m)?
0
Suppose 0 = 3*x - 5*x - 4*k - 12, -3 = 4*x + k. Suppose x = 3*t - 4*t + 774. What is the hundreds digit of t?
7
Let s(r) = -152*r - 21. Suppose 28 = 48*v - 62*v. What is the tens digit of s(v)?
8
Let r(k) = 210*k - 2. Let v be (6/(-4))/((-60)/200). What is the thousands digit of r(v)?
1
Suppose -19*a = -23*a + 568. Let p(s) = -s**2 + 2*s. Let x be p(2). Suppose 4*j - 166 - a = x. What is the units digit of j?
7
Suppose 3*s - c = 2*c + 94125, 3*s - 5*c = 94131. What is the tens digit of s?
7
Let n be (-46)/(-92)*(1 - 7). Let h(a) = -149*a - 99. What is the hundreds digit of h(n)?
3
Let q(i) = 3*i**2 - 46*i + 372. What is the hundreds digit of q(-44)?
2
What is the thousands digit of (208/16)/(-78) + 636770/12?
3
Let m(h) = 9429*h - 115. What is the thousands digit of m(4)?
7
What is the thousands digit of (190/(-19))/(4/16)*-86?
3
Let u(c) = 44*c + 11. Let f(q) = 11*q + 3. Suppose -h + 4*h = -6. Let a(b) = h*u(b) + 9*f(b). What is the tens digit of a(5)?
6
Let h(a) = -a**3 - a**2 + a + 1. Let v be ((-12)/8)/(3*3/24). Let u(b) = b**3 - 7*b**2 - 5*b + 11. Let o(m) = v*h(m) + u(m). What is the hundreds digit of o(4)?
2
Suppose -d + 409 + 1 = 0. Suppose -2*m + 16*r = 12*r - 194, 5*m + 5*r = d. What is the units digit of m?
7
Suppose -18893 = -4*r - r + 4*v, 2*r - 2*v = 7556. What is the thousands digit of r?
3
Let t = -670 - 60. Let m = 1395 + t. What is the hundreds digit of m?
6
What is the tens digit of (-2)/(-20)*222*45?
9
Suppose 3*g = -3*w + 57969, 366*w = 369*w + 15. What is the thousands digit of g?
9
Suppose 47*k - 101389 = -34602. What is the thousands digit of k?
1
Let u(z) = -z**3 - 14*z**2 + 3. Let h be u(-14). Suppose g = h*g - 10. Suppose -2*m + 4*m = g*x - 163, -x = -5*m - 28. What is the tens digit of x?
3
Suppose 27*t - 45*t + 29718 = 0. Suppose 22*a + t = 9967. What is the tens digit of a?
7
Suppose -11*i = -3*i + 32. What is the hundreds digit of 3 + -7 - (552/i + -1)?
1
Let c = 19613 + 8076. What is the units digit of c?
9
Suppose 5*t + 4*s = -31, -3*s + 21 = -3*t - 6*s. Let v be (t/9)/((-1)/(-177)). Let i = v - -114. What is the tens digit of i?
5
Let l(v) = 111*v**2 - 52*v - 322. What is the hundreds digit of l(-7)?
4
Let y(k) = -k**2 - 2*k. Let s be y(4). Let z = s + 27. What is the units digit of (-20)/(-30) + 250/z?
4
Let h(v) = -v**3 - 4*v**2 - 2*v - 2. Suppose 0 = 4*a - 20 + 36. Let t be h(a). Suppose -52 = -t*y + 68. What is the units digit of y?
0
Let m(u) = -u**2 + 6*u - 8. Suppose -24 = -5*z - 14. Let l(p) = -p**2 + 5*p - 7. Let w(t) = z*m(t) - 3*l(t). What is the units digit of w(11)?
3
Suppose 4*g - 132 = 48*g. What is the units digit of ((-345)/230)/(0 + g/868)?
4
Let u(f) = -f**3 - 31*f**2 - 65*f + 54. Let q = -183 + 154. What is the units digit of u(q)?
7
Let t be (7 + 111/(-9))*(-6)/4. Suppose -4*x + t = 0, 0 = -n - 4*x + 119 + 119. What is the tens digit of n?
3
Let t = 12825 + -4032. What is the units digit of t?
3
Let q(p) = 170*p - 2171. What is the hundreds digit of q(24)?
9
Suppose -5 = 5*w - 5*x, -3*w + 7*w - 3*x + 4 = 0. What is the hundreds digit of w*(-138)/(-4)*(-220)/15?
5
Let k be 7*(175/5 + 2). Let d = k + -108. Let o = d - 109. What is the units digit of o?
2
Let d(r) = 2*r**3 - 7*r**2 - 4*r - 2. Let i = -15 - -21. Let t be d(i). Suppose 0 = 10*z - 3*z - t. What is the units digit of z?
2
Let n(z) = -2*z**3 - z**2 - 2*z - 9. Suppose 4*k = g + 4*g - 11, -3*k + 5*g = 7. What is the hundreds digit of n(k)?
1
Let n = 158 - 383. Let q be ((-12)/10)/(18/n). Let o = 56 - q. What is the tens digit of o?
4
Suppose -20*f + 32*f - 24 = 0. Suppose 3*v - f*j - 357 = 19, -2*v + 240 = 4*j. What is the hundreds digit of v?
1
Suppose -3*c - 932 = 5*z + 92, -z = 4*c + 1337. Let t = 373 + c. What is the units digit of t?
0
Let z be (6/(-18) - 3/9)*24. Let y(w) = -4*w + 173. What is the hundreds digit of y(z)?
2
Suppose 0*f + 3*f - 21 = -2*r, -4*f + 3*r + 11 = 0. Suppose 60 = -j + f*j. What is the tens digit of (j/(-10))/((-3)/70)?
3
Let b(c) = -c**2 - 8*c - 4. Let k be b(-7). Suppose 3*z - 3 = k. Suppose -2*j - 214 = -z*g, 3*j + 219 = -0*g + 2*g. What is the tens digit of g?
0
Suppose 5*u = 20, 2*u - 173 = -x + 166. Let p = x + 15. What is the tens digit of p?
4
Suppose -556556 - 2486344 = 22*q - 197*q. What is the hundreds digit of q?
3
Suppose 84*i = -57*i + 884211. What is the tens digit of i?
7
Let g be 21/63 - (-12064)/6. Let x = 3136 - g. What is the tens digit of x?
2
Let m(f) = 12*f + 20. Let p be m(10). Let s = -106 + p. Suppose -2*i + 4*i = s. What is the tens digit of i?
1
Let a(v) = 3*v**3 - 210*v**2 - 58*v + 116. What is the thousands digit of a(71)?
1
Let o = -1723 - -11192. What is the thousands digit of o?
9
Suppose -5*g = -0*g - 40. Let u(y) = 0 - 24 - g + 8*y. What is the units digit of u(10)?
8
What is the tens digit of (176/264)/(10/659535)?
6
Suppose 2*y - 16 = -4*r, -5*y + 11*r + 12 = 7*r. Suppose y*m + 0*j - 1473 = 5*j, j = 2*m - 735. What is the tens digit of m?
6
Let f(a) = 19*a + 1462. What is the units digit of f(-8)?
0
Suppose 121853 = -4*l + 153617. What is the thousands digit of l?
7
Let n be (-2 - 5/(-2)) + 18/(-36). Suppose -q + 8*r + 687 = 3*r, -2*q - r + 1352 = n. What is the units digit of q?
7
Let q(t) = -t - 61. Let h be q(-10). What is the units digit of (-2)/(-17) - 15345/h?
1
Suppose -3*m + 15 = 0, 149*p - 147*p + m = 2619. What is the units digit of p?
7
Let v(u) = -82*u - 5 - 35*u + 38 + 23*u. What is the hundreds digit of v(-4)?
4
Let p be 10/45 + (-1364)/(-18). Suppose 348 = p*s - 74*s. What is the units digit of s?
4
Let s(u) = -103*u + 10274. What is the thousands digit of s(0)?
0
Let n(b) = -b**2 - 5*b + 18. Let x be n(-8). Let a(k) be the first derivative of -21*k**2/2 - 25*k + 5. What is the tens digit of a(x)?
0
What is the units digit of (0 + -65)/(82376/3052 + -27)?
5
Let m(c) = c**3 - c + 1. Let g(t) = -5*t**3 + 7*t**2 + 4*t - 12. Let z(v) = -g(v) - 4*m(v). Let w be z(7). Let n = w - -58. What is the tens digit of n?
6
Suppose -4*g - 2*a + 31310 = 0, -2*g - 474*a + 470*a + 15682 = 0. What is the units digit of g?
3
Let v(p) = 2*p**3 - p**2 + 6*p - 12. Let q be v(2). Let u be (-3715)/(-7) + q/42. Suppose u + 81 = 12*o. What is the tens digit of o?
5
Suppose 20*p = -172*p + 8264448. What is the thousands digit of p?
3
Let a = 38 + -35. Suppose -4*c = -3*k + 4 + a, -2*k = -5*c - 7. What is the units digit of 62 - (-3 - 0 - c)?
4
Suppose u - 5*g = 27666, 0 = 5*u + 32*g - 27*g - 138540. What is the units digit of u?
1
Let y be 501 + (0 - 6/15*5). Let j = 867 - y. What is the units digit of j?
8
Suppose 15*h = 17*h - 394. Suppose 0 = -c - h + 548. Suppose 567 = 9*d - c. What is the hundreds digit of d?
1
What is the tens digit of (-28513 - -9)/7*(27/(-12) + 2)?
1
Let k = 168 - 147. Suppose -5*r - 3*d + 14 = -13, 3*r - 3*d - k = 0. What is the units digit of r?
6
Suppose 54 = -3*y - 8*f, -2*y + 5*f = 8*f + 36. What is the hundreds digit of 101 + y/(-63)*7?
1
Let j(w) = -w**3 - 76*w**2 - 134*w + 1. What is the tens digit of j(-76)?
8
Suppose -255744 = -9*j + 42750. What is the tens digit of j?
6
Let p(v) = -67*v - 1309. What is the tens digit of p(-27)?
0
Let s(f) = -240*f + 1. Let x(t) = -t**3 - 16*t**2 + 18*t + 17. Let a be x(-17). Suppose -3*n - 5*b = -a*b - 12, 5*n - 3*b = -14. What is the tens digit of s(n)?
4
Let g = 28952 + -13680. What is the ten thousands digit of g?
1
Let s(k) = -k**2 + 8*k + 84. Let p be s(-6). Suppose u - 2*x - 1292 = -5*x, p = x + 5. What is the thousands digit of u?
1
Suppose -2*j - 8 = -4*k, 5*k - 47 + 7 = -5*j. Let z be k - -74*2 - -1. Let a = z + -79. What is the units digit of a?
4
Suppose -15*n - 9820 = 1160. Let r = 1027 + n. What is the hundreds digit of r?
2
Let q(u) = 11*u**2 - 18*u - 35. Let y be q(-16). Suppose y = 8*h + h. Let c = h - 239. What is the hundreds 